111200130?
111200211
In base 15, what is 5cc0 - -6?
5cc6
In base 2, what is 1000001101 - 1010011?
110111010
In base 11, what is 7 + 34?
40
In base 16, what is 13 + -766?
-753
In base 6, what is -14 + -215420?
-215434
In base 7, what is 2353 - -1631?
4314
In base 7, what is -34 - 4032?
-4066
In base 14, what is -11 + -a59?
-a6a
In base 16, what is bbd - -6?
bc3
In base 15, what is 1078b6 - -2?
1078b8
In base 11, what is -2119585 - -4?
-2119581
In base 9, what is -54 + -120656?
-120721
In base 15, what is -1185 - 7?
-118c
In base 5, what is -3142 - 1010?
-4202
In base 5, what is -20142 + -2?
-20144
In base 15, what is 1a846 - a?
1a83b
In base 3, what is 211022 - 10111?
200211
In base 11, what is -9580 + -a?
-958a
In base 5, what is -10 + -222411?
-222421
In base 3, what is -11212122 - 21?
-11212220
In base 11, what is 216 - 17?
1aa
In base 2, what is -100 + -110111101111101010?
-110111101111101110
In base 4, what is -3 + 3100010?
3100001
In base 12, what is 161 - -1?
162
In base 15, what is -1 + 55a5?
55a4
In base 16, what is 29908 + 1?
29909
In base 11, what is 5174 + -362?
4912
In base 2, what is 10101000110100000 - 10?
10101000110011110
In base 12, what is -100506 - -1?
-100505
In base 8, what is -644 - -735?
71
In base 10, what is 235 + -709?
-474
In base 5, what is 102142 - 11?
102131
In base 9, what is -605080 + -4?
-605084
In base 9, what is 2 - -2655838?
2655841
In base 13, what is 3 - -8acc?
8b02
In base 3, what is -2 + 22010221122?
22010221120
In base 9, what is -22814 - -45?
-22758
In base 8, what is -4 - -557667?
557663
In base 5, what is -2420 + 234?
-2131
In base 14, what is 4 + -4530?
-452a
In base 12, what is -2092945 - -2?
-2092943
In base 7, what is 2 - -61635?
61640
In base 15, what is -2 + 8c6e?
8c6c
In base 4, what is 203 - -120003?
120212
In base 5, what is -3132430 - 144?
-3133124
In base 11, what is 3 + 68886?
68889
In base 10, what is 1618 + -12?
1606
In base 12, what is 111000 + -3?
110bb9
In base 8, what is -24 - 20233?
-20257
In base 9, what is 7502 - 6?
7485
In base 4, what is -2 + -20221200132?
-20221200200
In base 11, what is -15 - 276?
-290
In base 6, what is 22431 - -4233?
31104
In base 11, what is 3a6a70 - 0?
3a6a70
In base 10, what is -64 + -84?
-148
In base 6, what is -5 + 1541151?
1541142
In base 11, what is 2 - -8532?
8534
In base 5, what is 40141 + -3212?
31424
In base 14, what is d80a5 - 1?
d80a4
In base 6, what is -1 - -150302?
150301
In base 2, what is -1000101110 + 10100000?
-110001110
In base 6, what is 11053 + 2120?
13213
In base 11, what is -a60 + -298?
-1248
In base 14, what is -5b - -29d3?
2976
In base 10, what is -13 - 336391?
-336404
In base 2, what is 111110 + 1000101101000?
1000110100110
In base 13, what is -2 - 3537?
-3539
In base 12, what is -8ab - 6b?
-95a
In base 7, what is -154 + 65560?
65403
In base 9, what is 13831 + 10?
13841
In base 14, what is 1682 - 5?
167b
In base 8, what is 1562321 + 0?
1562321
In base 6, what is -3 - -1202124?
1202121
In base 3, what is -22122 + -11002?
-110201
In base 13, what is -17a8 + -108?
-18b3
In base 3, what is -201020 - 10?
-201100
In base 9, what is 4 - -2387432?
2387436
In base 2, what is -110000010 + -1010?
-110001100
In base 11, what is 1182 + -3a?
1143
In base 12, what is -19235 + 1?
-19234
In base 6, what is 1 - -23143250?
23143251
In base 2, what is 10101000 - 1111011011?
-1100110011
In base 8, what is 352 - -15332?
15704
In base 13, what is 3 - 1017?
-1014
In base 7, what is 15365 + -1503?
13562
In base 11, what is 609 - 30?
589
In base 11, what is 5 + -182?
-178
In base 10, what is 13663 - -2?
13665
In base 15, what is 21 - -38a?
3ab
In base 2, what is -1100011 + -1011001101?
-1100110000
In base 6, what is 2040 - 2214?
-134
In base 12, what is -361 + 72?
-2ab
In base 2, what is 10 - 1110000110000010011?
-1110000110000010001
In base 9, what is 5 + -8746?
-8741
In base 4, what is 13 - -11222?
11301
In base 10, what is -4 + -1125510?
-1125514
In base 13, what is -3 - -b1c0?
b1ba
In base 15, what is 1 + 2821e5?
2821e6
In base 2, what is 10001000010011 - -110110000?
10001111000011
In base 14, what is 0 + 4889b?
4889b
In base 8, what is 42627 + 2?
42631
In base 9, what is -3123 + 123?
-3000
In base 6, what is 1312344 + -5?
1312335
In base 10, what is 9500 + -1?
9499
In base 12, what is 1 + 25ba0?
25ba1
In base 11, what is 4 + 67a08?
67a11
In base 5, what is 10233 + -11332?
-1044
In base 6, what is 1110 + -1245?
-135
In base 11, what is 76a3 - 3?
76a0
In base 6, what is 5 - -4011032?
4011041
In base 16, what is -5c + -59?
-b5
In base 9, what is -182 + 2108?
1816
In base 2, what is 10010111100101 + 100001?
10011000000110
In base 9, what is 81555 + 4?
81560
In base 3, what is -2002101 - -11?
-2002020
In base 2, what is -101100 - 110001011000?
-110010000100
In base 8, what is -75670310 - 4?
-75670314
In base 8, what is -136 + -17760?
-20116
In base 14, what is 26763 - 1?
26762
In base 5, what is 3 - 2404031?
-2404023
In base 13, what is -27 + -1038?
-1062
In base 10, what is 24 + -2198?
-2174
In base 16, what is -49a - 25?
-4bf
In base 11, what is -190 + 376?
196
In base 15, what is b0 + 2435?
24e5
In base 14, what is -5396a - 4?
-53970
In base 10, what is 31781 - 15?
31766
In base 11, what is -5 - 7315a?
-73164
In base 5, what is -10 + -244032?
-244042
In base 11, what is -4 + -2726?
-272a
In base 7, what is -2562 + 113?
-2446
In base 6, what is 4334 + 2115?
10453
In base 10, what is -904 + 136?
-768
In base 4, what is 10 + -1220312?
-1220302
In base 10, what is 498 - -172?
670
In base 11, what is -2a1885 + -1?
-2a1886
In base 2, what is -111001 + -101101001?
-110100010
In base 6, what is 34034 + -3?
34031
In base 9, what is 2863 + 16?
2880
In base 2, what is -10100010010001011 - -10?
-10100010010001001
In base 9, what is 1 - 8707?
-8706
In base 5, what is 2312 - 112?
2200
In base 5, what is 21 - 22204?
-22133
In base 15, what is 5c082 - 5?
5c07c
In base 16, what is d + 25?
32
In base 3, what is -10212220 + -222000?
-11211220
In base 9, what is 4342 - -67?
4420
In base 15, what is -11e - -2c0?
1a1
In base 8, what is -11007 - -13?
-10774
In base 5, what is 324 - -20414?
21243
In base 10, what is -261 - -214?
-47
In base 12, what is -98 - -49?
-4b
In base 16, what is f62d - 4?
f629
In base 4, what is -131 + 103012?
102221
In base 5, what is -2221431 + -103?
-2222034
In base 2, what is 10000101000110001 + 10?
10000101000110011
In base 2, what is -11 + -111011?
-111110
In base 4, what is -3202 - 3030?
-12232
In base 8, what is -2062 - -326?
-1534
In base 6, what is -12400 + 33?
-12323
In base 11, what is 4 + -405626?
-405622
In base 2, what is -110100 + 100100011011?
100011100111
In base 8, what is -131 - 25731?
-26062
In base 13, what is -1 - -5ab43?
5ab42
In base 5, what is -11330 + -10?
-11340
In base 13, what is -5 - 14b0?
-14b5
In base 15, what is -3c1d + 24?
-3be9
In base 2, what is -10000101001011 - 1?
-10000101001100
In base 12, what is -aa2 - -3800?
291a
In base 15, what is -166 + 41?
-125
In base 12, what is -173 - -22?
-151
In base 16, what is 9e - -dc2?
e60
In base 9, what is -3 + 72002?
71888
In base 9, what is -6 + -6536?
-6543
In base 16, what is -1866d + 5?
-18668
In base 15, what is -27 - -12213?
121db
In base 4, what is -3203223 - 1102?
-3210331
In base 7, what is 5002 - 5?
4664
In base 5, what is 2 - 411114?
-411112
In base 15, what is -3 + -15cec?
-15d00
In base 3, what is -10111011001 + -22?
-10111011100
In base 12, what is 17aa + -16?
1794
In base 15, what is 9e + 33?
d2
In base 13, what is -332766 + -4?
-33276a
In base 11, what is 45a5 - 6?
459a
In base 14, what is 7729 + 0?
7729
In base 11, what is 833 + -29?
805
In base 5, what is 13 + -131421?
-131403
In base 14, what is -1d1 - 7?
-1d8
In base 9, what is -1170 + 3260?
2080
In base 9, what is 210478 + -2?
210476
In base 14, what is -b + -68d0?
-68db
In base 16, what is -46864b + -2?
-46864d
In base 4, what is -211230 - 3202?
-221032
In base 4, what is 3 - -1331323?
1331332
In base 8, what is 1120425 - 1?
1120424
In base 8, what is 166174 - -2?
166176
In base 6, what is 11203 + 21021?
32224
In base 13, what is 886 - 515?
371
In base 5, what is 11221332 + 31?
11221413
In base 2, what is -101001 + -1110001?
-10011010
In base 4, what is 10031 - 111103?
-101012
In base 3, what is 2121